ded by v(y).
7
Suppose -5*u = 2*v - 39, 2*v + v + 18 = u. Let y be (u/(-6))/(-1)*38. Suppose -3*g + 0*g + y = 0. Calculate the remainder when g is divided by 10.
9
Let o(k) = -8*k - 4. Suppose -22 = 4*d - 6. Suppose -14*c + 30 = -12*c. Calculate the remainder when o(d) is divided by c.
13
Let j = 3 + -4. What is the remainder when 18 - j*(2 + 0) is divided by (-10*1)/(-2) - -2?
6
Let b(u) = u. Let x(s) = s**2 + 4*s - 6. Calculate the remainder when x(3) is divided by b(6).
3
Let p(f) = 14*f - 1. Let b be p(1). Suppose -b = -3*o + 3*k + 5, 4 = 3*o + 4*k. Calculate the remainder when o is divided by 3.
1
Suppose -4 - 7 = -h. What is the remainder when 42 is divided by h?
9
Suppose -l + 8 = -9. Calculate the remainder when 32 is divided by l.
15
Let m(n) = 2*n - 11. Let s(r) = -3*r + 12. Let j(f) = -4*m(f) - 3*s(f). Let a = -4 - -10. What is the remainder when 41 is divided by j(a)?
13
Let a be 6/(-2) + -6 + 30. Suppose -3*l + 2*l = -a. What is the remainder when l is divided by 8?
5
Suppose 7*k - 154 = -21. What is the remainder when 55 is divided by k?
17
Let r be (0 - 4)*(0 + -1). Suppose -r*n - 2*g = -2, -n + 4*n = 2*g + 19. Suppose u - 2*l = 9, -n*u + 5 = l - 8. What is the remainder when u is divided by 2?
1
Suppose -5*c + 18 = -2*c. Let t = 2 + c. Let b = 1 + 4. What is the remainder when t is divided by b?
3
Let o(t) = t - 2. Let r be o(2). Suppose r = 3*j + 2*d - 111, -4*j - 3*d = -d - 150. Let h(p) = p**2 - 6*p + 7. What is the remainder when j is divided by h(7)?
11
Let f(s) = s + 5. What is the remainder when 15 is divided by f(4)?
6
Let r(x) = -x**2 - 8*x + 9. Let g(h) = -h**3 + 9*h**2 + 9*h + 3. Let z be g(10). What is the remainder when 61 is divided by r(z)?
13
Let t(v) = -v**3 + 15*v**2 - 13*v - 8. What is the remainder when 10 is divided by t(14)?
4
Let q = -19 + 21. Calculate the remainder when 4 is divided by q.
0
Suppose 8*z - 90 = 5*z. Calculate the remainder when z is divided by 8.
6
Let w(a) = 6*a - 1 + a + 0*a. Calculate the remainder when w(3) is divided by 11.
9
Let a = 21 - 13. Suppose -a*g = -10*g. Calculate the remainder when 13 is divided by 4 - (g - (3 - 2)).
3
Let l be (-2)/(-1) - (-1 - -1). Suppose -l*j + 2 = -34. Calculate the remainder when j is divided by (-240)/(-25) - 4/(-10).
8
Calculate the remainder when (-261)/(-4) + 100/(-80) is divided by 22.
20
Let d be 2*(-2)/(-4) + 6. Let y = d + 29. Let o = 46 - 33. What is the remainder when y is divided by o?
10
Suppose -j - j = 0. Suppose j = -2*l + 5*l - 27. What is the remainder when 25 is divided by l?
7
Suppose i - 5*b + 52 - 123 = 0, 5*i - b = 427. Let j = 1 + 25. What is the remainder when j is divided by i/10 + (-4)/(-10)?
8
Suppose 0 = -11*h + 6*h + 110. Let u = -6 - -5. Calculate the remainder when h is divided by 20/(u - -3) + -2.
6
Let i be (-2)/(-6) - (-95)/(-15). Let k be (2/(-3))/(i/45). Suppose k*z - 23 = 4*d + 19, 2*z = -3*d + 26. Calculate the remainder when z is divided by 6.
4
Calculate the remainder when (-9)/18 + (-225)/(-2) is divided by 19.
17
Let k = 148 - 125. Calculate the remainder when 112 is divided by k.
20
Suppose 0 = -3*q + 19 + 50. Suppose -w + 4*k = -k - q, -k = w - 47. Suppose -3*b = -35 - w. What is the remainder when b is divided by 14?
12
Let a(n) = 4*n - 8. Let o be a(-6). What is the remainder when 62 is divided by (o/(-20))/((-1)/(-10))?
14
Suppose -2*r - 11 = -3*n, -5*n - 5 = r - 32. Suppose n*c - 180 = 20. What is the remainder when c is divided by 14?
12
Let z(q) = q. Let r be z(6). Let p be (r/9)/((-2)/(-9)). Suppose 14 = 4*f - p*f. Calculate the remainder when 27 is divided by f.
13
What is the remainder when ((-154)/(-21))/((-2)/(-30)) is divided by 28?
26
Suppose -3*i - 2*b + 9 = -5*b, 0 = -i + 4*b + 3. Suppose 3*l - 138 + 57 = -5*w, i*w - 57 = l. Calculate the remainder when w is divided by 7.
4
Let f(d) = d + 69. Calculate the remainder when f(-14) is divided by 14.
13
Let t(v) = 3*v**3 + 2*v**2 + 2*v**2 + 4*v + 2*v**2 - 3 - 4*v**3. Suppose 3*s = s + 22. What is the remainder when t(5) is divided by s?
9
Let v(b) = -b**2 + 8*b - 6. Suppose 4*o = -o. Suppose -2*r - 8 = -6*r, -4*k + 2*r + 100 = o. What is the remainder when k is divided by v(5)?
8
Let v be 4/18 + (-88)/(-9). Suppose -4*m + 10 = -v. Suppose 5*t = -2*p - 3, -p + m*t = -2*p - 9. Calculate the remainder when p is divided by 4.
2
Let m = -43 + 71. Suppose 0*w + 4*w - m = 0. What is the remainder when (-2)/(-2*1/12) is divided by w?
5
Let s(o) = o - 5. Let a be s(5). Let m be a + (1 - -1*7). Let i = 15 + m. What is the remainder when i is divided by 12?
11
Suppose 0 = -2*o - 2*p - 3*p + 88, 2*o - 4*p - 70 = 0. Suppose q - 9 - 11 = 0. Calculate the remainder when o is divided by q.
19
Calculate the remainder when 121 is divided by 1 + (-208)/(-7) - 8/(-28).
28
Suppose k + 2 = -41. Let x = 2 - k. What is the remainder when x is divided by 12?
9
Let p(d) = -d**3 + 9*d**2 - 3*d. What is the remainder when p(7) is divided by 16?
13
Let o = -3 + 5. Calculate the remainder when 4*15/10 - 1 is divided by o.
1
Let j(n) = -4*n + 3. Let m be j(3). Let a = m + 13. What is the remainder when 14 is divided by a?
2
Let l(h) be the second derivative of 5*h**4/6 + 5*h**3/6 + h**2/2 - 3*h. What is the remainder when l(-2) is divided by 11?
9
Suppose 12*f = 9*f - 9. What is the remainder when 9 is divided by 78/24 - f/4?
1
Suppose -1 = 2*w - 0*w + 3*f, 0 = 2*w - f - 19. What is the remainder when 1495/55 + 2/(-11) is divided by w?
6
Suppose g + 2*g = 18. Calculate the remainder when 34 is divided by g.
4
Let y be (-1 + 8/3)*3. Suppose -4*a - 2*u + 78 = 0, -a - 3*a + 87 = y*u. What is the remainder when 50 is divided by a?
14
Let j(s) = s. Let y(w) = -w**2 - 8*w + 6. Let p(t) = -4*j(t) - y(t). What is the remainder when p(-7) is divided by 5?
0
Calculate the remainder when 1700/36 + (-6)/27 is divided by 25.
22
Let b = -13 + 18. Suppose 5*x + 5*i - 383 = 2*i, 0 = b*x - i - 379. What is the remainder when x is divided by 26?
24
Suppose d - 7 = 2. Let x = -3 + d. Calculate the remainder when 10 is divided by x.
4
Let y(x) = 5*x**3 - x**2 - x + 1. Let w be y(1). Suppose -5*r + w*c + 86 = 0, 0 = 2*c - 0 - 2. What is the remainder when r is divided by 5?
3
Suppose 0 = -9*n - n + 620. What is the remainder when n is divided by 17?
11
What is the remainder when 46 is divided by (4/(-6))/(8/(-288))?
22
Suppose -117 = -5*n + 13. What is the remainder when n is divided by 9?
8
Suppose -28*a = -20*a - 288. Calculate the remainder when a is divided by 20.
16
Let w(i) = -i**3 + 9*i**2 + 2*i + 2. Let j(r) = -r**3 - r**2 + 2*r - 3. Let s be j(-3). What is the remainder when w(s) is divided by 7?
6
Suppose -5*k + 15 + 25 = 0. Suppose -2*a + 4*y + 58 = 0, 2*a - y = -2*y + 43. Calculate the remainder when a is divided by k.
7
Suppose -y = -j + 4*j - 18, 0 = 3*y + 3*j - 54. Calculate the remainder when y is divided by 11.
7
Suppose 3 = 3*a - 2*a. Let b = a - 3. Suppose b = g - 4*g + 117. Calculate the remainder when g is divided by 20.
19
Let l(i) = 14*i**3 + i**2 - i + 1. Calculate the remainder when 43 is divided by l(1).
13
Suppose -2*k + 35 + 78 = -3*f, 4*f = -3*k + 144. Calculate the remainder when k is divided by 19.
14
Let n = 69 + -61. What is the remainder when 17 is divided by n?
1
Suppose 16 - 1 = 5*s. Calculate the remainder when s is divided by 0 - -2 - (-8 + 7).
0
Let a(i) be the second derivative of i**5/20 - 5*i**4/6 + i**3/3 - 2*i**2 - 4*i. Let q(r) = r**2 - r. Calculate the remainder when q(-5) is divided by a(10).
14
Suppose -m + 1 = 5*r - 37, 5*m = -10. Let s be r/(-6)*(-27)/(-6). What is the remainder when 20 is divided by ((-14)/3)/(s/9)?
6
Suppose 0*j - 2*j + 2*g = 42, -j = 5*g + 51. Let a = 4 - 20. Let y = a - j. What is the remainder when 29 is divided by y?
9
Let g(w) = -w + 2. Let f(s) = -1. Let k(t) = 6*f(t) - 3*g(t). What is the remainder when 28 is divided by k(9)?
13
Let n be (-9)/12*(-5 - -1). Suppose 5 = 4*j - n*j. Suppose j*h - 2 = 4*a - 5, -4*a + 8 = -4*h. What is the remainder when a is divided by 4?
3
Let h(t) = -15*t - 4. Let q be -2 - (1 - 2) - 2. What is the remainder when h(q) is divided by 22?
19
Let w be (-3 + 3)/(3 + -6). Calculate the remainder when 6 - (4 + (w - 3)) is divided by 4.
1
Suppose 17*o + 75 = 22*o. Suppose -4*s + 61 = -167. Calcul